{"id":15237,"date":"2021-12-27T11:07:32","date_gmt":"2021-12-27T10:07:32","guid":{"rendered":"http:\/\/smmpartizanske.sk\/?page_id=15237"},"modified":"2025-01-18T20:49:41","modified_gmt":"2025-01-18T19:49:41","slug":"ziadost-o-pridelenie-bytu-v-meste-partizanske","status":"publish","type":"page","link":"https:\/\/smmpartizanske.sk\/index.php\/ziadost-o-pridelenie-bytu-v-meste-partizanske\/","title":{"rendered":"\u017diados\u0165 o pridelenie bytu v meste Partiz\u00e1nske"},"content":{"rendered":"<h2 class=\"elementor-heading-title elementor-size-default\" style=\"text-align: center;\"><span style=\"color: #01559e;\"><strong>\u017diados\u0165 o pridelenie bytu v meste Partiz\u00e1nske<\/strong><\/span><\/h2>\n\n<div class=\"wpcf7 no-js\" id=\"wpcf7-f15236-o1\" lang=\"sk-SK\" dir=\"ltr\" data-wpcf7-id=\"15236\">\n<div class=\"screen-reader-response\"><p role=\"status\" aria-live=\"polite\" aria-atomic=\"true\"><\/p> <ul><\/ul><\/div>\n<form action=\"\/index.php\/wp-json\/wp\/v2\/pages\/15237#wpcf7-f15236-o1\" method=\"post\" class=\"wpcf7-form init cf7-style\" aria-label=\"Kontaktn\u00fd formul\u00e1r\" enctype=\"multipart\/form-data\" novalidate=\"novalidate\" data-status=\"init\">\n<fieldset class=\"hidden-fields-container\"><input type=\"hidden\" name=\"_wpcf7\" value=\"15236\" \/><input type=\"hidden\" name=\"_wpcf7_version\" value=\"6.1.1\" \/><input type=\"hidden\" name=\"_wpcf7_locale\" value=\"sk_SK\" \/><input type=\"hidden\" name=\"_wpcf7_unit_tag\" value=\"wpcf7-f15236-o1\" \/><input type=\"hidden\" name=\"_wpcf7_container_post\" value=\"0\" \/><input type=\"hidden\" name=\"_wpcf7_posted_data_hash\" value=\"\" \/><input type=\"hidden\" name=\"_wpcf7_recaptcha_response\" value=\"\" \/>\n<\/fieldset>\n<div class=\"my-form-style\">\n\t<h3>\u017diadate\u013e\n\t<\/h3>\n\t<div class=\"one-half\">\n\t\t<p><label> Meno (povinn\u00e9)<br \/>\n<span class=\"wpcf7-form-control-wrap\" data-name=\"your-name-1\"><input size=\"40\" maxlength=\"400\" class=\"wpcf7-form-control wpcf7-text wpcf7-validates-as-required\" aria-required=\"true\" aria-invalid=\"false\" value=\"\" type=\"text\" name=\"your-name-1\" \/><\/span> <\/label>\n\t\t<\/p>\n\t<\/div>\n\t<div class=\"one-half last\">\n\t\t<p><label> Priezvisko (povinn\u00e9)<br \/>\n<span class=\"wpcf7-form-control-wrap\" data-name=\"your-namel-1\"><input size=\"40\" maxlength=\"400\" class=\"wpcf7-form-control wpcf7-text wpcf7-validates-as-required\" aria-required=\"true\" aria-invalid=\"false\" value=\"\" type=\"text\" name=\"your-namel-1\" \/><\/span> <\/label>\n\t\t<\/p>\n\t<\/div>\n\t<div class=\"one-half\">\n\t\t<p><label> Trval\u00fd pobyt - ulica (povinn\u00e9)<br \/>\n<span class=\"wpcf7-form-control-wrap\" data-name=\"trvaly-pobyt-1\"><input size=\"40\" maxlength=\"400\" class=\"wpcf7-form-control wpcf7-text wpcf7-validates-as-required\" aria-required=\"true\" aria-invalid=\"false\" value=\"\" type=\"text\" name=\"trvaly-pobyt-1\" \/><\/span> <\/label>\n\t\t<\/p>\n\t<\/div>\n\t<div class=\"one-half last\">\n\t\t<p><label> Trval\u00fd pobyt - s\u00fapisn\u00e9 \u010d.\/orienta\u010dn\u00e9 \u010d. domu (povinn\u00e9)<br \/>\n<span class=\"wpcf7-form-control-wrap\" data-name=\"trvaly-pobytc-1\"><input size=\"40\" maxlength=\"400\" class=\"wpcf7-form-control wpcf7-text wpcf7-validates-as-required\" aria-required=\"true\" aria-invalid=\"false\" value=\"\" type=\"text\" name=\"trvaly-pobytc-1\" \/><\/span> <\/label>\n\t\t<\/p>\n\t<\/div>\n\t<div class=\"one-half\">\n\t\t<p><label> Trval\u00fd pobyt - mesto<br \/>\n<span class=\"wpcf7-form-control-wrap\" data-name=\"trvaly-pobytm-1\"><input size=\"40\" maxlength=\"400\" class=\"wpcf7-form-control wpcf7-text wpcf7-validates-as-required\" aria-required=\"true\" aria-invalid=\"false\" value=\"\" type=\"text\" name=\"trvaly-pobytm-1\" \/><\/span> <\/label>\n\t\t<\/p>\n\t<\/div>\n\t<div class=\"one-half last\">\n\t\t<p><label> Trval\u00fd pobyt - PS\u010c<br \/>\n<span class=\"wpcf7-form-control-wrap\" data-name=\"trvaly-pobytpsc-1\"><input size=\"40\" maxlength=\"400\" class=\"wpcf7-form-control wpcf7-text wpcf7-validates-as-required\" aria-required=\"true\" aria-invalid=\"false\" value=\"\" type=\"text\" name=\"trvaly-pobytpsc-1\" \/><\/span> <\/label>\n\t\t<\/p>\n\t<\/div>\n\t<div class=\"one-half\">\n\t\t<p><label> D\u00e1tum narodenia (povinn\u00e9)<br \/>\n<span class=\"wpcf7-form-control-wrap\" data-name=\"datum-narodenia-1\"><input class=\"wpcf7-form-control wpcf7-date wpcf7-validates-as-required wpcf7-validates-as-date\" aria-required=\"true\" aria-invalid=\"false\" value=\"\" type=\"date\" name=\"datum-narodenia-1\" \/><\/span><\/label>\n\t\t<\/p>\n\t<\/div>\n\t<div class=\"one-half last\">\n\t\t<p><label> Rodinn\u00fd stav (povinn\u00e9)<br \/>\n<span class=\"wpcf7-form-control-wrap\" data-name=\"rodinny-stav-1\"><input size=\"40\" maxlength=\"400\" class=\"wpcf7-form-control wpcf7-text wpcf7-validates-as-required\" aria-required=\"true\" aria-invalid=\"false\" value=\"\" type=\"text\" name=\"rodinny-stav-1\" \/><\/span><\/label>\n\t\t<\/p>\n\t<\/div>\n\t<div class=\"one-half\">\n\t\t<p><label> Zamestnanie (povinn\u00e9)<br \/>\n<span class=\"wpcf7-form-control-wrap\" data-name=\"zamestnanie-1\"><input size=\"40\" maxlength=\"400\" class=\"wpcf7-form-control wpcf7-text wpcf7-validates-as-required\" aria-required=\"true\" aria-invalid=\"false\" value=\"\" type=\"text\" name=\"zamestnanie-1\" \/><\/span> <\/label>\n\t\t<\/p>\n\t<\/div>\n\t<div class=\"one-half last\">\n\t\t<p><label> Telef\u00f3nne \u010d\u00edslo (povinn\u00e9)<br \/>\n<span class=\"wpcf7-form-control-wrap\" data-name=\"tel-cislo-1\"><input size=\"40\" maxlength=\"400\" class=\"wpcf7-form-control wpcf7-tel wpcf7-validates-as-required wpcf7-text wpcf7-validates-as-tel\" aria-required=\"true\" aria-invalid=\"false\" value=\"+421\" type=\"tel\" name=\"tel-cislo-1\" \/><\/span><\/label>\n\t\t<\/p>\n\t<\/div>\n\t<p><label> Email (povinn\u00e9)<br \/>\n<span class=\"wpcf7-form-control-wrap\" data-name=\"your-email\"><input size=\"40\" maxlength=\"400\" class=\"wpcf7-form-control wpcf7-email wpcf7-validates-as-required wpcf7-text wpcf7-validates-as-email\" aria-required=\"true\" aria-invalid=\"false\" value=\"\" type=\"email\" name=\"your-email\" \/><\/span><\/label>\n\t<\/p>\n\t<h3>Man\u017eel\/ka (druh, dru\u017eka) \u017eiadate\u013ea\n\t<\/h3>\n\t<div class=\"one-half\">\n\t\t<p><label> Meno (povinn\u00e9)<br \/>\n<span class=\"wpcf7-form-control-wrap\" data-name=\"your-name-2\"><input size=\"40\" maxlength=\"400\" class=\"wpcf7-form-control wpcf7-text wpcf7-validates-as-required\" aria-required=\"true\" aria-invalid=\"false\" value=\"\" type=\"text\" name=\"your-name-2\" \/><\/span> <\/label>\n\t\t<\/p>\n\t<\/div>\n\t<div class=\"one-half last\">\n\t\t<p><label> Priezvisko (povinn\u00e9)<br \/>\n<span class=\"wpcf7-form-control-wrap\" data-name=\"your-namep-2\"><input size=\"40\" maxlength=\"400\" class=\"wpcf7-form-control wpcf7-text wpcf7-validates-as-required\" aria-required=\"true\" aria-invalid=\"false\" value=\"\" type=\"text\" name=\"your-namep-2\" \/><\/span> <\/label>\n\t\t<\/p>\n\t<\/div>\n\t<div class=\"one-half\">\n\t\t<p><label> Trval\u00fd pobyt - ulica (povinn\u00e9)<br \/>\n<span class=\"wpcf7-form-control-wrap\" data-name=\"trvaly-pobyt-2\"><input size=\"40\" maxlength=\"400\" class=\"wpcf7-form-control wpcf7-text wpcf7-validates-as-required\" aria-required=\"true\" aria-invalid=\"false\" value=\"\" type=\"text\" name=\"trvaly-pobyt-2\" \/><\/span> <\/label>\n\t\t<\/p>\n\t<\/div>\n\t<div class=\"one-half last\">\n\t\t<p><label> Trval\u00fd pobyt - s\u00fapisn\u00e9 \u010d.\/orienta\u010dn\u00e9 \u010d. domu (povinn\u00e9)<br \/>\n<span class=\"wpcf7-form-control-wrap\" data-name=\"trvaly-pobytc-2\"><input size=\"40\" maxlength=\"400\" class=\"wpcf7-form-control wpcf7-text wpcf7-validates-as-required\" aria-required=\"true\" aria-invalid=\"false\" value=\"\" type=\"text\" name=\"trvaly-pobytc-2\" \/><\/span> <\/label>\n\t\t<\/p>\n\t<\/div>\n\t<div class=\"one-half\">\n\t\t<p><label> Trval\u00fd pobyt - mesto<br \/>\n<span class=\"wpcf7-form-control-wrap\" data-name=\"trvaly-pobytm-2\"><input size=\"40\" maxlength=\"400\" class=\"wpcf7-form-control wpcf7-text wpcf7-validates-as-required\" aria-required=\"true\" aria-invalid=\"false\" value=\"\" type=\"text\" name=\"trvaly-pobytm-2\" \/><\/span> <\/label>\n\t\t<\/p>\n\t<\/div>\n\t<div class=\"one-half  last\">\n\t\t<p><label> Trval\u00fd pobyt - PS\u010c<br \/>\n<span class=\"wpcf7-form-control-wrap\" data-name=\"trvaly-pobytpsc-2\"><input size=\"40\" maxlength=\"400\" class=\"wpcf7-form-control wpcf7-text wpcf7-validates-as-required\" aria-required=\"true\" aria-invalid=\"false\" value=\"\" type=\"text\" name=\"trvaly-pobytpsc-2\" \/><\/span> <\/label>\n\t\t<\/p>\n\t<\/div>\n\t<div class=\"one-half\">\n\t\t<p><label> D\u00e1tum narodenia (povinn\u00e9)<br \/>\n<span class=\"wpcf7-form-control-wrap\" data-name=\"datum-narodenia-2\"><input class=\"wpcf7-form-control wpcf7-date wpcf7-validates-as-required wpcf7-validates-as-date\" aria-required=\"true\" aria-invalid=\"false\" value=\"\" type=\"date\" name=\"datum-narodenia-2\" \/><\/span><\/label>\n\t\t<\/p>\n\t<\/div>\n\t<div class=\"one-half last\">\n\t\t<p><label> Rodinn\u00fd stav (povinn\u00e9)<br \/>\n<span class=\"wpcf7-form-control-wrap\" data-name=\"rodinny-stav-2\"><input size=\"40\" maxlength=\"400\" class=\"wpcf7-form-control wpcf7-text wpcf7-validates-as-required\" aria-required=\"true\" aria-invalid=\"false\" value=\"\" type=\"text\" name=\"rodinny-stav-2\" \/><\/span><\/label>\n\t\t<\/p>\n\t<\/div>\n\t<div class=\"one-half\">\n\t\t<p><label> Zamestnanie (povinn\u00e9)<br \/>\n<span class=\"wpcf7-form-control-wrap\" data-name=\"zamestnanie-2\"><input size=\"40\" maxlength=\"400\" class=\"wpcf7-form-control wpcf7-text wpcf7-validates-as-required\" aria-required=\"true\" aria-invalid=\"false\" value=\"\" type=\"text\" name=\"zamestnanie-2\" \/><\/span> <\/label>\n\t\t<\/p>\n\t<\/div>\n\t<div class=\"one-half last\">\n\t\t<p><label> Telef\u00f3nne \u010d\u00edslo (povinn\u00e9)<br \/>\n<span class=\"wpcf7-form-control-wrap\" data-name=\"tel-cislo-2\"><input size=\"40\" maxlength=\"400\" class=\"wpcf7-form-control wpcf7-tel wpcf7-validates-as-required wpcf7-text wpcf7-validates-as-tel\" aria-required=\"true\" aria-invalid=\"false\" value=\"+421\" type=\"tel\" name=\"tel-cislo-2\" \/><\/span><\/label>\n\t\t<\/p>\n\t<\/div>\n\t<h3>\u00dadaje o \u010fal\u0161\u00edch \u010dlenoch dom\u00e1cnosti \u017eiadate\u013ea\n\t<\/h3>\n\t<p><label>Meno a priezvisko \/ D\u00e1tum narodenia \/ Trval\u00fd pobyt \/ Vz\u0165ah k \u017eiadate\u013eovi \/ Zamestnanie<br \/>\n<span class=\"wpcf7-form-control-wrap\" data-name=\"clenovia\"><textarea cols=\"40\" rows=\"10\" maxlength=\"2000\" class=\"wpcf7-form-control wpcf7-textarea\" aria-invalid=\"false\" name=\"clenovia\"><\/textarea><\/span> <\/label>\n\t<\/p>\n<hr \/>\n\t<div class=\"one-half\">\n\t\t<p><label> <\/label>\n\t\t<\/p>\n\t\t<h3>V s\u00fa\u010dasnosti b\u00fdvate (povinn\u00e9)\n\t\t<\/h3>\n\t\t<p><span class=\"wpcf7-form-control-wrap\" data-name=\"byvate\"><select class=\"wpcf7-form-control wpcf7-select wpcf7-validates-as-required\" aria-required=\"true\" aria-invalid=\"false\" name=\"byvate\"><option value=\"u rodi\u010dov\">u rodi\u010dov<\/option><option value=\"u pr\u00edbuzn\u00fdch\">u pr\u00edbuzn\u00fdch<\/option><option value=\"v podn\u00e1jme\">v podn\u00e1jme<\/option><option value=\"v n\u00e1jme\">v n\u00e1jme<\/option><option value=\"bez bytu\">bez bytu<\/option><\/select><\/span>\n\t\t<\/p>\n\t<\/div>\n\t<div class=\"one-half last\">\n\t\t<p><label> <\/label>\n\t\t<\/p>\n\t\t<h3>Ak\u00fd byt \u017eiadate (povinn\u00e9)\n\t\t<\/h3>\n\t\t<p><span class=\"wpcf7-form-control-wrap\" data-name=\"aky-byt\"><select class=\"wpcf7-form-control wpcf7-select wpcf7-validates-as-required\" aria-required=\"true\" aria-invalid=\"false\" name=\"aky-byt\"><option value=\"gars\u00f3nku\">gars\u00f3nku<\/option><option value=\"1-izbov\u00fd\">1-izbov\u00fd<\/option><option value=\"2-izbov\u00fd\">2-izbov\u00fd<\/option><option value=\"3-izbov\u00fd\">3-izbov\u00fd<\/option><\/select><\/span>\n\t\t<\/p>\n\t<\/div>\n\t<p><label>D\u00f4vod podania \u017eiadosti o byt<br \/>\n<span class=\"wpcf7-form-control-wrap\" data-name=\"dovod\"><textarea cols=\"40\" rows=\"10\" maxlength=\"2000\" class=\"wpcf7-form-control wpcf7-textarea\" aria-invalid=\"false\" name=\"dovod\"><\/textarea><\/span> <\/label>\n\t<\/p>\n\t<h3>K \u017eiadosti o byt je potrebn\u00e9 dolo\u017ei\u0165 nasleduj\u00face doklady:\n\t<\/h3>\n\t<p>Doklad potvrdzuj\u00faci v\u00fd\u0161ku \u010dist\u00e9ho pr\u00edjmu \u010dlenov dom\u00e1cnosti za predch\u00e1dzaj\u00faci kalend\u00e1rny rok pre v\u0161etky spolo\u010dne posudzovan\u00e9 osoby (potvrdenie zamestn\u00e1vate\u013ea, da\u0148ov\u00e9 priznanie v pr\u00edpade, \u017ee \u017eiadate\u013e alebo spolo\u010dne posudzovan\u00e1 osoba je SZ\u010cO, potvrdenie Soci\u00e1lnej pois\u0165ovne o v\u00fd\u0161ke priznan\u00fdch d\u00e1vok \u2013 invalidn\u00fd d\u00f4chodok, vdovsk\u00fd d\u00f4chodok, sirotsk\u00fd d\u00f4chodok, matersk\u00e1..., potvrdenie \u00daradu pr\u00e1ce, soci\u00e1lnych vec\u00ed a rodiny o v\u00fd\u0161ke pr\u00eddavku na deti, rodi\u010dovsk\u00e9ho pr\u00edspevku...).\n\t<\/p>\n\t<p><b>Doklad 1 (pdf,jpg)<\/b><span class=\"wpcf7-form-control-wrap\" data-name=\"subor1\"><input size=\"40\" class=\"wpcf7-form-control wpcf7-file wpcf7-validates-as-required\" accept=\".jpg,.pdf\" aria-required=\"true\" aria-invalid=\"false\" type=\"file\" name=\"subor1\" \/><\/span><br \/>\n<b>Doklad 2 (pdf,jpg)<\/b><span class=\"wpcf7-form-control-wrap\" data-name=\"subor2\"><input size=\"40\" class=\"wpcf7-form-control wpcf7-file\" accept=\".jpg,.pdf\" aria-invalid=\"false\" type=\"file\" name=\"subor2\" \/><\/span><br \/>\n<b>Doklad 3 (pdf,jpg)<\/b><span class=\"wpcf7-form-control-wrap\" data-name=\"subor3\"><input size=\"40\" class=\"wpcf7-form-control wpcf7-file\" accept=\".jpg,.pdf\" aria-invalid=\"false\" type=\"file\" name=\"subor3\" \/><\/span><br \/>\n<b>Doklad 4 (pdf,jpg)<\/b><span class=\"wpcf7-form-control-wrap\" data-name=\"subor4\"><input size=\"40\" class=\"wpcf7-form-control wpcf7-file\" accept=\".jpg,.pdf\" aria-invalid=\"false\" type=\"file\" name=\"subor4\" \/><\/span>\n\t<\/p>\n<input class=\"wpcf7-form-control wpcf7-hidden\" value=\"\u010dak\u00e1 na zaradenie do zoznamu\" type=\"hidden\" name=\"Stav\" \/>\n<hr \/>\n\t<p>Vyhlasujem, \u017ee v\u0161etky \u00fadaje v \u017eiadosti ako aj v pr\u00edloh\u00e1ch tejto \u017eiadosti s\u00fa pravdiv\u00e9, som si vedom\u00fd, \u017ee uvedenie nepravdiv\u00fdch a ne\u00fapln\u00fdch \u00fadajov bude ma\u0165 za n\u00e1sledok mo\u017enos\u0165 postihu pod\u013ea osobitn\u00fdch predpisov. Je mi tie\u017e zn\u00e1me, \u017ee z bytu, pridelen\u00e9ho mi na z\u00e1klade nepravdiv\u00fdch \u00fadajov, by som sa musel vys\u0165ahova\u0165 do 15 dn\u00ed odo d\u0148a pr\u00edkazu.\n\t<\/p>\n\t<div class=\"my-text-with-radio\">\n\t\t<p>S\u00fa\u010dasne vyhlasujem, \u017ee vzh\u013eadom na moje majetkov\u00e9 a rodinn\u00e9 pomery <span class=\"wpcf7-form-control-wrap\" data-name=\"mozem-plnit\"><span class=\"wpcf7-form-control wpcf7-radio\"><span class=\"wpcf7-list-item first\"><input type=\"radio\" name=\"mozem-plnit\" value=\"m\u00f4\u017eem\" checked=\"checked\" \/><span class=\"wpcf7-list-item-label\">m\u00f4\u017eem<\/span><\/span><span class=\"wpcf7-list-item last\"><input type=\"radio\" name=\"mozem-plnit\" value=\"nem\u00f4\u017eem\" \/><span class=\"wpcf7-list-item-label\">nem\u00f4\u017eem<\/span><\/span><\/span><\/span> podmienky n\u00e1jomnej zmluvy riadne plni\u0165.\n\t\t<\/p>\n\t\t<p>\u010cestne prehlasujem, \u017ee som <span class=\"wpcf7-form-control-wrap\" data-name=\"neprisiel-o-byt\"><span class=\"wpcf7-form-control wpcf7-radio\"><span class=\"wpcf7-list-item first\"><input type=\"radio\" name=\"neprisiel-o-byt\" value=\"pri\u0161iel\" checked=\"checked\" \/><span class=\"wpcf7-list-item-label\">pri\u0161iel<\/span><\/span><span class=\"wpcf7-list-item last\"><input type=\"radio\" name=\"neprisiel-o-byt\" value=\"nepri\u0161iel\" \/><span class=\"wpcf7-list-item-label\">nepri\u0161iel<\/span><\/span><\/span><\/span> o pr\u00e1vo b\u00fdva\u0165 v byte z d\u00f4vodu neplnenia svojich povinnost\u00ed ako n\u00e1jomcu alebo vlastn\u00edka bytu.\n\t\t<\/p>\n\t\t<p>\u010cestne prehlasujem, \u017ee <span class=\"wpcf7-form-control-wrap\" data-name=\"nevlastnim\"><span class=\"wpcf7-form-control wpcf7-radio\"><span class=\"wpcf7-list-item first\"><input type=\"radio\" name=\"nevlastnim\" value=\"vlastn\u00edm\" checked=\"checked\" \/><span class=\"wpcf7-list-item-label\">vlastn\u00edm<\/span><\/span><span class=\"wpcf7-list-item last\"><input type=\"radio\" name=\"nevlastnim\" value=\"nevlastn\u00edm\" \/><span class=\"wpcf7-list-item-label\">nevlastn\u00edm<\/span><\/span><\/span><\/span> s\u00e1m, alebo moja man\u017eel\/ka byt, rodinn\u00fd dom alebo in\u00fa nehnute\u013enos\u0165 ur\u010den\u00fa na b\u00fdvanie, pr\u00edpadne nie som spoluvlastn\u00edkom t\u00fdchto nehnute\u013enost\u00ed.\n\t\t<\/p>\n\t\t<p>\u010cestne prehlasujem, \u017ee <span class=\"wpcf7-form-control-wrap\" data-name=\"mam\"><span class=\"wpcf7-form-control wpcf7-radio\"><span class=\"wpcf7-list-item first\"><input type=\"radio\" name=\"mam\" value=\"m\u00e1m\" checked=\"checked\" \/><span class=\"wpcf7-list-item-label\">m\u00e1m<\/span><\/span><span class=\"wpcf7-list-item last\"><input type=\"radio\" name=\"mam\" value=\"nem\u00e1m\" \/><span class=\"wpcf7-list-item-label\">nem\u00e1m<\/span><\/span><\/span><\/span> vo\u010di mestu Partiz\u00e1nske nedoplatky na daniach a miestnych poplatkoch.\n\t\t<\/p>\n\t\t<p>\u010cestne prehlasujem, \u017ee \u017eiadate\u013e alebo niektor\u00fd z \u010dlenov dom\u00e1cnosti <span class=\"wpcf7-form-control-wrap\" data-name=\"ztp\"><span class=\"wpcf7-form-control wpcf7-radio\"><span class=\"wpcf7-list-item first\"><input type=\"radio\" name=\"ztp\" value=\"je\" checked=\"checked\" \/><span class=\"wpcf7-list-item-label\">je<\/span><\/span><span class=\"wpcf7-list-item last\"><input type=\"radio\" name=\"ztp\" value=\"nie je\" \/><span class=\"wpcf7-list-item-label\">nie je<\/span><\/span><\/span><\/span> osobou \u0165a\u017eko zdravotne postihnutou.\n\t\t<\/p>\n\t<\/div>\n\t<p>Som si vedom\u00fd skuto\u010dnosti, \u017ee som povinn\u00fd bez vyzvania svoju \u017eiados\u0165 aktualizova\u0165 pri zmene uveden\u00fdch skuto\u010dnost\u00ed v \u017eiadosti o byt do 30 dn\u00ed od tejto zmeny a pravidelne v\u017edy do 15. febru\u00e1ra pr\u00edslu\u0161n\u00e9ho kalend\u00e1rneho roka.<br \/>\n<strong>(V pr\u00edpade, \u017ee SMM, n.o., zist\u00ed, \u017ee tak \u017eiadate\u013e neurobil, bude jeho \u017eiados\u0165 pova\u017eovan\u00e1 za neaktu\u00e1lnu a bude vyraden\u00e1 z evidencie \u017eiadate\u013eov o pridelenie bytu). <\/strong>\n\t<\/p>\n\t<p><label><strong> Osobn\u00e9 \u00fadaje (povinn\u00e9)<br \/>\n<span class=\"wpcf7-form-control-wrap\" data-name=\"osobne_udaje\"><span class=\"wpcf7-form-control wpcf7-checkbox wpcf7-validates-as-required\"><span class=\"wpcf7-list-item first last\"><label><input type=\"checkbox\" name=\"osobne_udaje[]\" value=\"Potvrdi\u0165\" \/><span class=\"wpcf7-list-item-label\">Potvrdi\u0165<\/span><\/label><\/span><\/span><\/span><br \/>\nVa\u0161e osobn\u00e9 \u00fadaje bud\u00fa pou\u017eit\u00e9 na spracovanie va\u0161ej \u017eiadostiy, zjednodu\u0161enie pou\u017e\u00edvania tejto webovej str\u00e1nky a na in\u00e9 \u00fa\u010dely op\u00edsan\u00e9 v dokumente <a href=\" http:\/\/smmpartizanske.sk\/wp-content\/uploads\/2019\/05\/Zasady_ochrany_osobnych_udajov_-_oznamenie.pdf\" target=\"_blank\">pravidl\u00e1 ochrany s\u00fakromia<\/a>.<\/strong><\/label>\n\t<\/p>\n\n\t<p><input class=\"wpcf7-form-control wpcf7-submit has-spinner my-submit-button\" type=\"submit\" value=\"Odosla\u0165\" \/>\n\t<\/p>\n<\/div><div class=\"wpcf7-response-output\" aria-hidden=\"true\"><\/div>\n<\/form>\n<\/div>\n\n","protected":false},"excerpt":{"rendered":"<p>\u017diados\u0165 o pridelenie bytu v meste Partiz\u00e1nske<\/p>\n","protected":false},"author":4,"featured_media":17436,"parent":0,"menu_order":0,"comment_status":"closed","ping_status":"closed","template":"","meta":{"site-sidebar-layout":"default","site-content-layout":"","ast-site-content-layout":"default","site-content-style":"default","site-sidebar-style":"default","ast-global-header-display":"","ast-banner-title-visibility":"","ast-main-header-display":"","ast-hfb-above-header-display":"","ast-hfb-below-header-display":"","ast-hfb-mobile-header-display":"","site-post-title":"","ast-breadcrumbs-content":"","ast-featured-img":"","footer-sml-layout":"","theme-transparent-header-meta":"default","adv-header-id-meta":"","stick-header-meta":"","header-above-stick-meta":"","header-main-stick-meta":"","header-below-stick-meta":"","astra-migrate-meta-layouts":"set","ast-page-background-enabled":"default","ast-page-background-meta":{"desktop":{"background-color":"var(--ast-global-color-5)","background-image":"","background-repeat":"repeat","background-position":"center center","background-size":"auto","background-attachment":"scroll","background-type":"","background-media":"","overlay-type":"","overlay-color":"","overlay-opacity":"","overlay-gradient":""},"tablet":{"background-color":"","background-image":"","background-repeat":"repeat","background-position":"center center","background-size":"auto","background-attachment":"scroll","background-type":"","background-media":"","overlay-type":"","overlay-color":"","overlay-opacity":"","overlay-gradient":""},"mobile":{"background-color":"","background-image":"","background-repeat":"repeat","background-position":"center center","background-size":"auto","background-attachment":"scroll","background-type":"","background-media":"","overlay-type":"","overlay-color":"","overlay-opacity":"","overlay-gradient":""}},"ast-content-background-meta":{"desktop":{"background-color":"var(--ast-global-color-4)","background-image":"","background-repeat":"repeat","background-position":"center center","background-size":"auto","background-attachment":"scroll","background-type":"","background-media":"","overlay-type":"","overlay-color":"","overlay-opacity":"","overlay-gradient":""},"tablet":{"background-color":"var(--ast-global-color-4)","background-image":"","background-repeat":"repeat","background-position":"center center","background-size":"auto","background-attachment":"scroll","background-type":"","background-media":"","overlay-type":"","overlay-color":"","overlay-opacity":"","overlay-gradient":""},"mobile":{"background-color":"var(--ast-global-color-4)","background-image":"","background-repeat":"repeat","background-position":"center center","background-size":"auto","background-attachment":"scroll","background-type":"","background-media":"","overlay-type":"","overlay-color":"","overlay-opacity":"","overlay-gradient":""}},"footnotes":""},"class_list":["post-15237","page","type-page","status-publish","has-post-thumbnail","hentry"],"_links":{"self":[{"href":"https:\/\/smmpartizanske.sk\/index.php\/wp-json\/wp\/v2\/pages\/15237","targetHints":{"allow":["GET"]}}],"collection":[{"href":"https:\/\/smmpartizanske.sk\/index.php\/wp-json\/wp\/v2\/pages"}],"about":[{"href":"https:\/\/smmpartizanske.sk\/index.php\/wp-json\/wp\/v2\/types\/page"}],"author":[{"embeddable":true,"href":"https:\/\/smmpartizanske.sk\/index.php\/wp-json\/wp\/v2\/users\/4"}],"replies":[{"embeddable":true,"href":"https:\/\/smmpartizanske.sk\/index.php\/wp-json\/wp\/v2\/comments?post=15237"}],"version-history":[{"count":3,"href":"https:\/\/smmpartizanske.sk\/index.php\/wp-json\/wp\/v2\/pages\/15237\/revisions"}],"predecessor-version":[{"id":17927,"href":"https:\/\/smmpartizanske.sk\/index.php\/wp-json\/wp\/v2\/pages\/15237\/revisions\/17927"}],"wp:featuredmedia":[{"embeddable":true,"href":"https:\/\/smmpartizanske.sk\/index.php\/wp-json\/wp\/v2\/media\/17436"}],"wp:attachment":[{"href":"https:\/\/smmpartizanske.sk\/index.php\/wp-json\/wp\/v2\/media?parent=15237"}],"curies":[{"name":"wp","href":"https:\/\/api.w.org\/{rel}","templated":true}]}}